{"id":143,"date":"2017-01-26T20:46:06","date_gmt":"2017-01-26T19:46:06","guid":{"rendered":"http:\/\/rotuleseffrenees.urluberlu.be\/?page_id=143"},"modified":"2020-03-12T10:57:44","modified_gmt":"2020-03-12T09:57:44","slug":"le-festival-avance-ou-rotules","status":"publish","type":"page","link":"https:\/\/www.rotuleseffrenees.com\/index.php\/le-festival-avance-ou-rotules-2\/le-festival-avance-ou-rotules\/","title":{"rendered":"Avance ou rotules 2018"},"content":{"rendered":"<p><em>QU&rsquo;ES AQUO ? <\/em><\/p>\n<p>Un mini festival d&rsquo;art de rue dont la seconde \u00e9dition aura lieu ce<\/p>\n<h2 style=\"text-align: center;\"><span style=\"color: #ff00ff;\"><strong>DIMANCHE 29 AVRIL 2018 DE 13H A 22H<\/strong><\/span><\/h2>\n<p>&nbsp;<\/p>\n<p>et cette ann\u00e9e les rotules effr\u00e9n\u00e9es s&rsquo;associent \u00e0 la <span style=\"color: #ff00ff;\"><a style=\"color: #ff00ff;\" href=\"https:\/\/www.facebook.com\/compagnieamesnomades\">Compagnie Ames Nomades<\/a> <\/span>pour vous offrir un cadre encore plus idyllique !<\/p>\n<p><em>O\u00d9 \u00c7A ?<\/em><\/p>\n<p>Dans un magnifique jardin \u00e0 Velaines (Hainaut) <a href=\"https:\/\/goo.gl\/maps\/ftN1bTT2o482\">L&rsquo;ORANGERIE<\/a> &#8211; rue de la Cure &#8211; 7760<\/p>\n<p><em>DEMANDEZ L&rsquo;PROGRAMME :&nbsp;<\/em><\/p>\n<p>13h00 : ouverture des portes<\/p>\n<p>13h30 : <span style=\"color: #ff00ff;\"><strong><em>SURPRISE MARIONNETTIQUE<\/em> <\/strong><\/span><\/p>\n<p>14h00 : le duo <span style=\"color: #ff00ff;\"><strong><em>YOUKALI<\/em><\/strong><\/span><\/p>\n<p style=\"padding-left: 30px;\"><em>accord\u00e9on-violon &#8211; duo \u00e9pic\u00e9 de notes color\u00e9es, petits zakouskis&nbsp;musicaux et po\u00e9tiques \u00e0 travers quelques contr\u00e9es du monde&#8230;<\/em><\/p>\n<p>14h30 : <span style=\"color: #ff00ff;\"><em><strong>SUITE DE LA SURPRISE<\/strong><\/em><\/span><\/p>\n<p>15h00 :<span style=\"color: #ff00ff;\">&nbsp;<strong><em> La malle des Indes<\/em><\/strong><\/span><\/p>\n<p style=\"padding-left: 30px;\"><em>duo clownesque &#8211; Ces Dames se r\u00eavent grandes magiciennes, entre maladresse et tours r\u00e9ussis, elles vous surprendront autant qu&rsquo;elles se surprennent elles-m\u00eames&#8230;<\/em><\/p>\n<p>15h45 : <span style=\"color: #ff00ff;\"><strong><em>YOUKALI<\/em><\/strong><\/span><\/p>\n<p>16h00 : <em><strong><span style=\"color: #ff00ff;\">Les Siflingue<\/span> <span style=\"color: #ff00ff;\">(Le p\u00e8re, le fisc et le simple d&rsquo;esprit)<\/span> <\/strong><\/em><\/p>\n<p style=\"padding-left: 30px;\">&nbsp;<em>La Cie des Rotules effr\u00e9n\u00e9es vous pr\u00e9sente le troisi\u00e8me volet de sa grande saga spaghetti : Les Siflingue &#8211; trois bandits essaiment&nbsp; la poussi\u00e8re du Farwest en qu\u00eate de leur salut \u00e9ternel ! <a href=\"https:\/\/www.youtube.com\/watch?v=YrvZ5qJJxSw&amp;t=10s\">(le tesaer)<\/a><\/em><\/p>\n<p>&nbsp;17h00 : <span style=\"color: #ff00ff;\"><strong><em>Major Dubreucq (chanson fran\u00e7aise)<br \/>\n<\/em><\/strong><\/span><\/p>\n<p style=\"padding-left: 30px;\"><em>Derri\u00e8re ses dehors de clown volontiers un rien plus grossier que ne l\u2019exigerait le bon go\u00fbt, on n\u2019a aucune peine \u00e0 deviner que le Major nous parle de lui, de sa d\u00e9tresse face \u00e0 un monde laid et incompr\u00e9hensible. On s\u2019y reconna\u00eet tr\u00e8s volontiers, on a l\u2019impression de chercher avec lui les mots nouveaux \u00e0 mettre sur ces monstres nouveaux. Et parfois on y arrive. D\u2019un bout \u00e0 l\u2019autre, on rigole un bon coup parce que faudrait quand m\u00eame pas se la jouer non plus, et puis parce que \u00e7a fait du bien.<\/em><\/p>\n<p style=\"padding-left: 30px;\">(<a href=\"https:\/\/majordubreucq.be\">plus d&rsquo;infos<\/a>)<\/p>\n<p>18h30 : <em><strong><span style=\"color: #ff00ff;\">Fanfare Toi-m\u00eame<\/span><br \/>\n<\/strong><\/em><\/p>\n<p style=\"padding-left: 30px;\"><em>un projet d\u2019\u00e9cole qui d\u00e9colle, une fanfare de p\u2019tits qui a tout d\u2019une grande ! de la miouz et du mouve\u2026 et en plus, ils s\u2019amiouzent et vous \u00e9mouvent ; ) une aventure humaine qui allie travail, rencontres et d\u00e9fis.<\/em><\/p>\n<p style=\"padding-left: 30px;\"><a href=\"https:\/\/www.youtube.com\/watch?v=n_kOBLTYy3k\">(en live)<\/a><\/p>\n<p>Et en parall\u00e8le \u00e0 tous ces mets culturels, des mets gustatifs pour petits et grands seront bien s\u00fbr \u00e0 disposition MAIS AUSSI :<\/p>\n<p><span style=\"color: #ff00ff;\"><em>des animations pour enfants, des fictions radiophoniques et une biblioth\u00e8que organique.<\/em><\/span><\/p>\n<p>En plus de tout \u00e7a, n&rsquo;h\u00e9sitez pas \u00e0 prendre votre v\u00e9lo pour la<span style=\"color: #ff00ff;\"><a style=\"color: #ff00ff;\" href=\"http:\/\/www.celles.be\/files\/el%20biau%20v%C3%A9lo%20des%20capelles%2018_R%C3%A8glement(1).jpg\"><strong> Balade du Biau v\u00e9lo des capelles<\/strong><\/a><span style=\"color: #333333;\">,<\/span><\/span> organis\u00e9e par le comit\u00e9 des ain\u00e9s, la biblioth\u00e8que et la commune de Celles, qui prendra son d\u00e9part \u00e0 l&rsquo;Orangerie entre 13h et 16h &#8230;<\/p>\n<h2>APR\u00c8S TOUT \u00c7A, BOEUF MUSICAL et SAUCISSES GRILLEES !!<\/h2>\n<p>&nbsp;<\/p>\n<p>Plus aucune raison de trouver une excuse pour ne pas venir ce 29 AVRIL partager ce bout de plaisir ensemble loin des \u00e9crans et autres outils magn\u00e9tico-virtuels ;-))<\/p>\n<p>&#8230;. et m\u00eame s&rsquo;il pleut, il y aura de quoi s&rsquo;abriter ! &#8230;&nbsp; une autre excuse ?<\/p>\n<p><img loading=\"lazy\" decoding=\"async\" class=\"aligncenter wp-image-344 size-large\" src=\"http:\/\/www.rotuleseffrenees.com\/wp-content\/uploads\/2017\/01\/affiche-finale_2018-724x1024.jpg\" alt=\"\" width=\"525\" height=\"743\" srcset=\"https:\/\/www.rotuleseffrenees.com\/wp-content\/uploads\/2017\/01\/affiche-finale_2018-724x1024.jpg 724w, https:\/\/www.rotuleseffrenees.com\/wp-content\/uploads\/2017\/01\/affiche-finale_2018-212x300.jpg 212w, https:\/\/www.rotuleseffrenees.com\/wp-content\/uploads\/2017\/01\/affiche-finale_2018-768x1086.jpg 768w\" sizes=\"auto, (max-width: 525px) 100vw, 525px\" \/><\/p>\n<p>merci \u00e0 tous nos partenaires :<\/p>\n<p><strong><em>LA CIE AMES NOMADES, Communes de Celles, Biblioth\u00e8que de Celles, Crelan Tournai, Beloeil Optique, Assurances et services Bas\u00e8cles, Stevens Assurances Celles, Home Sweet Home Celles, Michel Pinchon Sprl, Lavens Compta-Fisc Sprl, Parent Jos\u00e9 Sprl, Clef (coop\u00e9rative \u00e9olienne)<\/em><\/strong><\/p>\n<p><span style=\"border-radius: 2px; text-indent: 20px; width: auto; padding: 0px 4px 0px 0px; text-align: center; font: bold 11px\/20px 'Helvetica Neue',Helvetica,sans-serif; color: #ffffff; background: #bd081c no-repeat scroll 3px 50% \/ 14px 14px; position: absolute; opacity: 1; z-index: 8675309; display: none; cursor: pointer;\">Enregistrer<\/span><\/p>\n<p><span style=\"border-radius: 2px; text-indent: 20px; width: auto; padding: 0px 4px 0px 0px; text-align: center; font: bold 11px\/20px 'Helvetica Neue',Helvetica,sans-serif; color: #ffffff; background: #bd081c no-repeat scroll 3px 50% \/ 14px 14px; position: absolute; opacity: 1; z-index: 8675309; display: none; cursor: pointer; top: 2173px; left: 50px;\">Enregistrer<\/span><\/p>\n<p><span style=\"border-radius: 2px; text-indent: 20px; width: auto; padding: 0px 4px 0px 0px; text-align: center; font: bold 11px\/20px 'Helvetica Neue',Helvetica,sans-serif; color: #ffffff; background: #bd081c no-repeat scroll 3px 50% \/ 14px 14px; position: absolute; opacity: 1; z-index: 8675309; display: none; cursor: pointer;\">Enregistrer<\/span><\/p>\n<p><span style=\"border-radius: 2px; text-indent: 20px; width: auto; padding: 0px 4px 0px 0px; text-align: center; font: bold 11px\/20px 'Helvetica Neue',Helvetica,sans-serif; color: #ffffff; background: #bd081c no-repeat scroll 3px 50% \/ 14px 14px; position: absolute; opacity: 1; z-index: 8675309; display: none; cursor: pointer;\">Enregistrer<\/span><\/p>\n<p><span style=\"border-radius: 2px; text-indent: 20px; width: auto; padding: 0px 4px 0px 0px; text-align: center; font: bold 11px\/20px 'Helvetica Neue',Helvetica,sans-serif; color: #ffffff; background: #bd081c no-repeat scroll 3px 50% \/ 14px 14px; position: absolute; opacity: 1; z-index: 8675309; display: none; cursor: pointer;\">Enregistrer<\/span><\/p>\n<p><span style=\"border-radius: 2px; text-indent: 20px; width: auto; padding: 0px 4px 0px 0px; text-align: center; font: bold 11px\/20px 'Helvetica Neue',Helvetica,sans-serif; color: #ffffff; background: #bd081c no-repeat scroll 3px 50% \/ 14px 14px; position: absolute; opacity: 1; z-index: 8675309; display: none; cursor: pointer;\">Enregistrer<\/span><\/p>\n<p><span style=\"border-radius: 2px; text-indent: 20px; width: auto; padding: 0px 4px 0px 0px; text-align: center; font: bold 11px\/20px 'Helvetica Neue',Helvetica,sans-serif; color: #ffffff; background: #bd081c no-repeat scroll 3px 50% \/ 14px 14px; position: absolute; opacity: 1; z-index: 8675309; display: none; cursor: pointer;\">Enregistrer<\/span><\/p>\n<p><span style=\"border-radius: 2px; text-indent: 20px; width: auto; padding: 0px 4px 0px 0px; text-align: center; font: bold 11px\/20px 'Helvetica Neue',Helvetica,sans-serif; color: #ffffff; background: #bd081c no-repeat scroll 3px 50% \/ 14px 14px; position: absolute; opacity: 1; z-index: 8675309; display: none; cursor: pointer; top: 2201px; left: 50px;\">Enregistrer<\/span><\/p>\n<p><span style=\"border-radius: 2px; text-indent: 20px; width: auto; padding: 0px 4px 0px 0px; text-align: center; font: bold 11px\/20px 'Helvetica Neue',Helvetica,sans-serif; color: #ffffff; background: #bd081c no-repeat scroll 3px 50% \/ 14px 14px; position: absolute; opacity: 1; z-index: 8675309; display: none; cursor: pointer;\">Enregistrer<\/span><\/p>\n<p><span style=\"border-radius: 2px; text-indent: 20px; width: auto; padding: 0px 4px 0px 0px; text-align: center; font: bold 11px\/20px 'Helvetica Neue',Helvetica,sans-serif; color: #ffffff; background: #bd081c no-repeat scroll 3px 50% \/ 14px 14px; position: absolute; opacity: 1; z-index: 8675309; display: none; cursor: pointer; top: 2201px; left: 50px;\">Enregistrer<\/span><\/p>\n<p><span style=\"border-radius: 2px; text-indent: 20px; width: auto; padding: 0px 4px 0px 0px; text-align: center; font: bold 11px\/20px 'Helvetica Neue',Helvetica,sans-serif; color: #ffffff; background: #bd081c  no-repeat scroll 3px 50% \/ 14px 14px; position: absolute; opacity: 1; z-index: 8675309; display: none; cursor: pointer; top: 2201px; left: 50px;\">Enregistrer<\/span><\/p>\n","protected":false},"excerpt":{"rendered":"<p>QU&rsquo;ES AQUO ? Un mini festival d&rsquo;art de rue dont la seconde \u00e9dition aura lieu ce DIMANCHE 29 AVRIL 2018 DE 13H A 22H &nbsp; et cette ann\u00e9e les rotules effr\u00e9n\u00e9es s&rsquo;associent \u00e0 la Compagnie Ames Nomades pour vous offrir un cadre encore plus idyllique ! O\u00d9 \u00c7A ? Dans un magnifique jardin \u00e0 Velaines &hellip; <\/p>\n<p class=\"link-more\"><a href=\"https:\/\/www.rotuleseffrenees.com\/index.php\/le-festival-avance-ou-rotules-2\/le-festival-avance-ou-rotules\/\" class=\"more-link\">Continuer la lecture<span class=\"screen-reader-text\"> de &laquo;&nbsp;Avance ou rotules 2018&nbsp;&raquo;<\/span><\/a><\/p>\n","protected":false},"author":1,"featured_media":151,"parent":565,"menu_order":0,"comment_status":"closed","ping_status":"closed","template":"","meta":{"footnotes":""},"class_list":["post-143","page","type-page","status-publish","has-post-thumbnail","hentry"],"_links":{"self":[{"href":"https:\/\/www.rotuleseffrenees.com\/index.php\/wp-json\/wp\/v2\/pages\/143","targetHints":{"allow":["GET"]}}],"collection":[{"href":"https:\/\/www.rotuleseffrenees.com\/index.php\/wp-json\/wp\/v2\/pages"}],"about":[{"href":"https:\/\/www.rotuleseffrenees.com\/index.php\/wp-json\/wp\/v2\/types\/page"}],"author":[{"embeddable":true,"href":"https:\/\/www.rotuleseffrenees.com\/index.php\/wp-json\/wp\/v2\/users\/1"}],"replies":[{"embeddable":true,"href":"https:\/\/www.rotuleseffrenees.com\/index.php\/wp-json\/wp\/v2\/comments?post=143"}],"version-history":[{"count":19,"href":"https:\/\/www.rotuleseffrenees.com\/index.php\/wp-json\/wp\/v2\/pages\/143\/revisions"}],"predecessor-version":[{"id":570,"href":"https:\/\/www.rotuleseffrenees.com\/index.php\/wp-json\/wp\/v2\/pages\/143\/revisions\/570"}],"up":[{"embeddable":true,"href":"https:\/\/www.rotuleseffrenees.com\/index.php\/wp-json\/wp\/v2\/pages\/565"}],"wp:featuredmedia":[{"embeddable":true,"href":"https:\/\/www.rotuleseffrenees.com\/index.php\/wp-json\/wp\/v2\/media\/151"}],"wp:attachment":[{"href":"https:\/\/www.rotuleseffrenees.com\/index.php\/wp-json\/wp\/v2\/media?parent=143"}],"curies":[{"name":"wp","href":"https:\/\/api.w.org\/{rel}","templated":true}]}}