{"id":280,"date":"2017-01-28T16:50:25","date_gmt":"2017-01-28T15:50:25","guid":{"rendered":"http:\/\/rotuleseffrenees.urluberlu.be\/?page_id=280"},"modified":"2019-10-18T09:53:33","modified_gmt":"2019-10-18T07:53:33","slug":"derniere-levee-2","status":"publish","type":"page","link":"https:\/\/www.rotuleseffrenees.com\/index.php\/derniere-levee-2\/","title":{"rendered":"DERNI\u00c8RE LEV\u00c9E !"},"content":{"rendered":"<h3>SPECTACLE TOUT PUBLIC D\u00c8S 4 ANS\u00a0 &#8211;\u00a0 35 minutes<\/h3>\n<p>Izi est mobile. Elle se prom\u00e8ne avec sa maison aux creux des bras et s&rsquo;installe, parfois. Au coin d&rsquo;une rue, devant une poubelle ou \u00e0 c\u00f4t\u00e9 d&rsquo;un arr\u00eat de bus.\u00a0 Et dans cette reconstruction permanente, ce qu&rsquo;elle pr\u00e9f\u00e8re c&rsquo;est la bo\u00eete aux lettres.<\/p>\n<p>Avec l\u00e9g\u00e8ret\u00e9, ce clown sans-abris nous partage une tranche de vie dans un quotidien qui tente de ressembler \u00e0 la norme !<\/p>\n","protected":false},"excerpt":{"rendered":"<p>SPECTACLE TOUT PUBLIC D\u00c8S 4 ANS\u00a0 &#8211;\u00a0 35 minutes Izi est mobile. Elle se prom\u00e8ne avec sa maison aux creux des bras et s&rsquo;installe, parfois. Au coin d&rsquo;une rue, devant une poubelle ou \u00e0 c\u00f4t\u00e9 d&rsquo;un arr\u00eat de bus.\u00a0 Et dans cette reconstruction permanente, ce qu&rsquo;elle pr\u00e9f\u00e8re c&rsquo;est la bo\u00eete aux lettres. Avec l\u00e9g\u00e8ret\u00e9, ce &hellip; <\/p>\n<p class=\"link-more\"><a href=\"https:\/\/www.rotuleseffrenees.com\/index.php\/derniere-levee-2\/\" class=\"more-link\">Continuer la lecture<span class=\"screen-reader-text\"> de &laquo;&nbsp;DERNI\u00c8RE LEV\u00c9E !&nbsp;&raquo;<\/span><\/a><\/p>\n","protected":false},"author":1,"featured_media":192,"parent":0,"menu_order":0,"comment_status":"closed","ping_status":"closed","template":"","meta":{"footnotes":""},"class_list":["post-280","page","type-page","status-publish","has-post-thumbnail","hentry"],"_links":{"self":[{"href":"https:\/\/www.rotuleseffrenees.com\/index.php\/wp-json\/wp\/v2\/pages\/280","targetHints":{"allow":["GET"]}}],"collection":[{"href":"https:\/\/www.rotuleseffrenees.com\/index.php\/wp-json\/wp\/v2\/pages"}],"about":[{"href":"https:\/\/www.rotuleseffrenees.com\/index.php\/wp-json\/wp\/v2\/types\/page"}],"author":[{"embeddable":true,"href":"https:\/\/www.rotuleseffrenees.com\/index.php\/wp-json\/wp\/v2\/users\/1"}],"replies":[{"embeddable":true,"href":"https:\/\/www.rotuleseffrenees.com\/index.php\/wp-json\/wp\/v2\/comments?post=280"}],"version-history":[{"count":5,"href":"https:\/\/www.rotuleseffrenees.com\/index.php\/wp-json\/wp\/v2\/pages\/280\/revisions"}],"predecessor-version":[{"id":498,"href":"https:\/\/www.rotuleseffrenees.com\/index.php\/wp-json\/wp\/v2\/pages\/280\/revisions\/498"}],"wp:featuredmedia":[{"embeddable":true,"href":"https:\/\/www.rotuleseffrenees.com\/index.php\/wp-json\/wp\/v2\/media\/192"}],"wp:attachment":[{"href":"https:\/\/www.rotuleseffrenees.com\/index.php\/wp-json\/wp\/v2\/media?parent=280"}],"curies":[{"name":"wp","href":"https:\/\/api.w.org\/{rel}","templated":true}]}}