{"id":290,"date":"2017-01-28T17:00:31","date_gmt":"2017-01-28T16:00:31","guid":{"rendered":"http:\/\/rotuleseffrenees.urluberlu.be\/?page_id=290"},"modified":"2017-01-28T17:06:36","modified_gmt":"2017-01-28T16:06:36","slug":"passe-a-table-2","status":"publish","type":"page","link":"https:\/\/www.rotuleseffrenees.com\/index.php\/passe-a-table-2\/","title":{"rendered":"PASSE \u00c0 TABLE !"},"content":{"rendered":"<h3>SPECTACLE TOUT PUBLIC D\u00c8S 7 ANS\u00a0 &#8211;\u00a0 50 minutes<\/h3>\n<p>1914, la guerre est l\u00e0. La Grande Guerre comme on leur dit. F\u00e9lix et Cl\u00e9mentine se retrouvent s\u00e9par\u00e9s malgr\u00e9 eux. Heureusement, \u00ab\u00a0le courrier c\u2019est la\u00a0 sant\u00e9 !\u00a0\u00bb crie \u00e0 tue-t\u00eate la Vieille Musil. Alors les amoureux s\u2019\u00e9crivent. Ils se racontent leurs matins, leurs peurs et leurs rires pour combler l\u2019absence qui engloutit les quotidiens.<\/p>\n<p>Passe \u00e0 table !\u00a0 c\u2019est l\u2019histoire absurde d\u2019un manque, d\u2019un soleil qui dispara\u00eet, d\u2019un soleil qui r\u00e9appara\u00eet, d\u2019un soleil qui danse sur un pied de papier et de tous ces mots qui nous accrochent \u00e0 la vie.<br \/>\n<img loading=\"lazy\" decoding=\"async\" class=\"alignnone size-medium wp-image-240\" src=\"http:\/\/rotuleseffrenees.urluberlu.be\/wp-content\/uploads\/2017\/01\/DSC_6305-200x300.jpg\" alt=\"\" width=\"200\" height=\"300\" srcset=\"https:\/\/www.rotuleseffrenees.com\/wp-content\/uploads\/2017\/01\/DSC_6305-200x300.jpg 200w, https:\/\/www.rotuleseffrenees.com\/wp-content\/uploads\/2017\/01\/DSC_6305-768x1154.jpg 768w, https:\/\/www.rotuleseffrenees.com\/wp-content\/uploads\/2017\/01\/DSC_6305-682x1024.jpg 682w\" sizes=\"auto, (max-width: 200px) 100vw, 200px\" \/> \u00a0 \u00a0 \u00a0 \u00a0 <img loading=\"lazy\" decoding=\"async\" class=\"alignnone size-medium wp-image-239\" src=\"http:\/\/rotuleseffrenees.urluberlu.be\/wp-content\/uploads\/2017\/01\/DSC_6290-200x300.jpg\" alt=\"\" width=\"200\" height=\"300\" srcset=\"https:\/\/www.rotuleseffrenees.com\/wp-content\/uploads\/2017\/01\/DSC_6290-200x300.jpg 200w, https:\/\/www.rotuleseffrenees.com\/wp-content\/uploads\/2017\/01\/DSC_6290-768x1152.jpg 768w, https:\/\/www.rotuleseffrenees.com\/wp-content\/uploads\/2017\/01\/DSC_6290-683x1024.jpg 683w\" sizes=\"auto, (max-width: 200px) 100vw, 200px\" \/><\/p>\n<p>&nbsp;<\/p>\n<p>Passe \u00e0 table ! cherche \u00e0 montrer la force de l\u2019Amour en temps de Guerre. \u00c0 parler de cette d\u00e9chirure entre deux \u00eatres qui s\u2019impose d\u00e8s le premier son du tocsin. Les subterfuges que l\u2019imaginaire met en place pour r\u00e9inventer la pr\u00e9sence de l\u2019\u00eatre aim\u00e9.<\/p>\n<p>Ce spectacle transg\u00e9n\u00e9rationnel veut mettre en lumi\u00e8re les six \u00e0 sept milliards de lettres \u00e9chang\u00e9es \u00e0 l&rsquo;ombre des canons. Faire honneur \u00e0 cette r\u00e9sistance de papier qui a continu\u00e9 \u00e0 faire voler les envies et les r\u00eaves de milliers d&rsquo;hommes et de femmes pendant la Grande Guerre.<\/p>\n<p>Ce grouillement a fascin\u00e9 la Compagnie des Rotules effr\u00e9n\u00e9es et a fortement impr\u00e9gn\u00e9 l\u2019\u00e9criture du spectacle en ouvrant une porte dans l\u2019intimit\u00e9 de la guerre. Une porte derri\u00e8re laquelle elle a d\u00e9couvert de la tendresse, de l\u2019humour, de la solidarit\u00e9, de la r\u00e9sistance\u2026 de l\u2019humain.<\/p>\n","protected":false},"excerpt":{"rendered":"<p>SPECTACLE TOUT PUBLIC D\u00c8S 7 ANS\u00a0 &#8211;\u00a0 50 minutes 1914, la guerre est l\u00e0. La Grande Guerre comme on leur dit. F\u00e9lix et Cl\u00e9mentine se retrouvent s\u00e9par\u00e9s malgr\u00e9 eux. Heureusement, \u00ab\u00a0le courrier c\u2019est la\u00a0 sant\u00e9 !\u00a0\u00bb crie \u00e0 tue-t\u00eate la Vieille Musil. Alors les amoureux s\u2019\u00e9crivent. Ils se racontent leurs matins, leurs peurs et leurs &hellip; <\/p>\n<p class=\"link-more\"><a href=\"https:\/\/www.rotuleseffrenees.com\/index.php\/passe-a-table-2\/\" class=\"more-link\">Continuer la lecture<span class=\"screen-reader-text\"> de &laquo;&nbsp;PASSE \u00c0 TABLE !&nbsp;&raquo;<\/span><\/a><\/p>\n","protected":false},"author":1,"featured_media":257,"parent":0,"menu_order":0,"comment_status":"closed","ping_status":"closed","template":"","meta":{"footnotes":""},"class_list":["post-290","page","type-page","status-publish","has-post-thumbnail","hentry"],"_links":{"self":[{"href":"https:\/\/www.rotuleseffrenees.com\/index.php\/wp-json\/wp\/v2\/pages\/290","targetHints":{"allow":["GET"]}}],"collection":[{"href":"https:\/\/www.rotuleseffrenees.com\/index.php\/wp-json\/wp\/v2\/pages"}],"about":[{"href":"https:\/\/www.rotuleseffrenees.com\/index.php\/wp-json\/wp\/v2\/types\/page"}],"author":[{"embeddable":true,"href":"https:\/\/www.rotuleseffrenees.com\/index.php\/wp-json\/wp\/v2\/users\/1"}],"replies":[{"embeddable":true,"href":"https:\/\/www.rotuleseffrenees.com\/index.php\/wp-json\/wp\/v2\/comments?post=290"}],"version-history":[{"count":2,"href":"https:\/\/www.rotuleseffrenees.com\/index.php\/wp-json\/wp\/v2\/pages\/290\/revisions"}],"predecessor-version":[{"id":308,"href":"https:\/\/www.rotuleseffrenees.com\/index.php\/wp-json\/wp\/v2\/pages\/290\/revisions\/308"}],"wp:featuredmedia":[{"embeddable":true,"href":"https:\/\/www.rotuleseffrenees.com\/index.php\/wp-json\/wp\/v2\/media\/257"}],"wp:attachment":[{"href":"https:\/\/www.rotuleseffrenees.com\/index.php\/wp-json\/wp\/v2\/media?parent=290"}],"curies":[{"name":"wp","href":"https:\/\/api.w.org\/{rel}","templated":true}]}}