{"id":336,"date":"2017-07-27T10:52:53","date_gmt":"2017-07-27T08:52:53","guid":{"rendered":"http:\/\/www.rotuleseffrenees.com\/?page_id=336"},"modified":"2025-04-28T11:14:20","modified_gmt":"2025-04-28T09:14:20","slug":"calendrier","status":"publish","type":"page","link":"https:\/\/www.rotuleseffrenees.com\/index.php\/calendrier\/","title":{"rendered":"Agenda"},"content":{"rendered":"<p><span style=\"color: #ffffff;\"><strong><span style=\"color: #000000;\">LES FR\u00c8RES\u00a0SIFLINGUE<\/span><\/strong><\/span><\/p>\n<p>le 5 ao\u00fbt au Palp Festival, Martigny (Suisse)<\/p>\n<p>le 20 ao\u00fbt au Festival des Th\u00e9\u00e2tres Nomades, Bruxelles (Belgique)<\/p>\n<p>du 24 au 27 ao\u00fbt au Cabaret Vert, Charleville-M\u00e9zi\u00e8res (France)<\/p>\n<p>le 14 octobre au Festival Les Tailleurs, \u00c9caussinnes (Belgique)<\/p>\n","protected":false},"excerpt":{"rendered":"<p>LES FR\u00c8RES\u00a0SIFLINGUE le 5 ao\u00fbt au Palp Festival, Martigny (Suisse) le 20 ao\u00fbt au Festival des Th\u00e9\u00e2tres Nomades, Bruxelles (Belgique) du 24 au 27 ao\u00fbt au Cabaret Vert, Charleville-M\u00e9zi\u00e8res (France) le 14 octobre au Festival Les Tailleurs, \u00c9caussinnes (Belgique)<\/p>\n","protected":false},"author":1,"featured_media":0,"parent":0,"menu_order":0,"comment_status":"closed","ping_status":"closed","template":"","meta":{"footnotes":""},"class_list":["post-336","page","type-page","status-publish","hentry"],"_links":{"self":[{"href":"https:\/\/www.rotuleseffrenees.com\/index.php\/wp-json\/wp\/v2\/pages\/336","targetHints":{"allow":["GET"]}}],"collection":[{"href":"https:\/\/www.rotuleseffrenees.com\/index.php\/wp-json\/wp\/v2\/pages"}],"about":[{"href":"https:\/\/www.rotuleseffrenees.com\/index.php\/wp-json\/wp\/v2\/types\/page"}],"author":[{"embeddable":true,"href":"https:\/\/www.rotuleseffrenees.com\/index.php\/wp-json\/wp\/v2\/users\/1"}],"replies":[{"embeddable":true,"href":"https:\/\/www.rotuleseffrenees.com\/index.php\/wp-json\/wp\/v2\/comments?post=336"}],"version-history":[{"count":4,"href":"https:\/\/www.rotuleseffrenees.com\/index.php\/wp-json\/wp\/v2\/pages\/336\/revisions"}],"predecessor-version":[{"id":959,"href":"https:\/\/www.rotuleseffrenees.com\/index.php\/wp-json\/wp\/v2\/pages\/336\/revisions\/959"}],"wp:attachment":[{"href":"https:\/\/www.rotuleseffrenees.com\/index.php\/wp-json\/wp\/v2\/media?parent=336"}],"curies":[{"name":"wp","href":"https:\/\/api.w.org\/{rel}","templated":true}]}}

<p><span style="color: #ffffff;"><strong><span style="color: #000000;">LES FRÈRES SIFLINGUE</span></strong></span></p>
<p>le 5 août au Palp Festival, Martigny (Suisse)</p>
<p>le 20 août au Festival des Théâtres Nomades, Bruxelles (Belgique)</p>
<p>du 24 au 27 août au Cabaret Vert, Charleville-Mézières (France)</p>
<p>le 14 octobre au Festival Les Tailleurs, Écaussinnes (Belgique)</p>

<p>LES FRÈRES SIFLINGUE le 5 août au Palp Festival, Martigny (Suisse) le 20 août au Festival des Théâtres Nomades, Bruxelles (Belgique) du 24 au 27 août au Cabaret Vert, Charleville-Mézières (France) le 14 octobre au Festival Les Tailleurs, Écaussinnes (Belgique)</p>
