{"id":363,"date":"2019-07-15T22:43:28","date_gmt":"2019-07-15T20:43:28","guid":{"rendered":"http:\/\/www.rotuleseffrenees.com\/?page_id=363"},"modified":"2022-10-20T12:42:48","modified_gmt":"2022-10-20T10:42:48","slug":"le-musee-des-monstres-sacres-du-rock-2","status":"publish","type":"page","link":"https:\/\/www.rotuleseffrenees.com\/index.php\/accueil\/le-musee-des-monstres-sacres-du-rock-2\/","title":{"rendered":"Le Mus\u00e9e des Monstres Sacr\u00e9s du Rock"},"content":{"rendered":"\n<p style=\"font-size:25px\"><strong><span style=\"color:#f50707\" class=\"tadv-color\">Visite &#8211; spectacle par 2 collectionneurs<\/span><\/strong><\/p>\n\n\n\n<p class=\"has-text-align-right has-white-color has-text-color\"><span style=\"color:#ffffff\" class=\"tadv-color\">Marionnettes, Objets et Rock&rsquo;N Roll<\/span><\/p>\n\n\n\n<p class=\"has-white-color has-text-color\"><span style=\"color:#ffffff\" class=\"tadv-color\">Deux fr\u00e8res d\u00e9jant\u00e9s, Rock et Billy, traversent <strong>l&rsquo;Histoire du Rock<\/strong>, et font revivre des <strong>anecdotes<\/strong> historiques devenues l\u00e9gendes.<\/span><\/p>\n\n\n\n<p class=\"has-white-color has-text-color\"><span style=\"color:#ffffff\" class=\"tadv-color\">Entour\u00e9s <strong>d\u2019objets<\/strong> farfelus et de <strong>marionnettes<\/strong> \u00e0 l\u2019effigie des plus grand\u00b7e\u00b7s rockeurs\u00b7euses mort\u00b7e\u00b7s, le public familial d\u00e9couvre ou red\u00e9couvre les <strong>mythes fondateurs<\/strong> du rock de fa\u00e7on d\u00e9cal\u00e9e.<\/span><\/p>\n\n\n\n<p class=\"has-white-color has-text-color\"><span style=\"color:#ffffff\" class=\"tadv-color\">Une visite-spectacle inoubliable, type entresort, en <strong>interaction<\/strong> avec le pblic.<\/span><\/p>\n\n\n\n<p class=\"has-text-align-right\"><em><span style=\"color:#f41c08\" class=\"tadv-color\">\u00ab\u00a0Bienvenue mesdames et messieurs au premier mus\u00e9e mobile du Rock. Tous les objets qui sont ici sont authentiques.\u00a0\u00bb<\/span><\/em><\/p>\n\n\n\n<p class=\"has-text-align-right\">(introduction by Rock et Billy)<\/p>\n\n\n\n<figure class=\"wp-block-embed-vimeo wp-block-embed is-type-video is-provider-vimeo wp-embed-aspect-16-9 wp-has-aspect-ratio\"><div class=\"wp-block-embed__wrapper\">\n<iframe loading=\"lazy\" title=\"Teaser &quot;Le Mus\u00e9e Des Monstres Sacr\u00e9s Du Rock&quot;\" src=\"https:\/\/player.vimeo.com\/video\/384396779?dnt=1&amp;app_id=122963\" width=\"525\" height=\"295\" frameborder=\"0\" allow=\"autoplay; fullscreen; picture-in-picture; clipboard-write; encrypted-media; web-share\" referrerpolicy=\"strict-origin-when-cross-origin\"><\/iframe>\n<\/div><\/figure>\n\n\n\n<div class=\"wp-block-buttons aligncenter is-layout-flex wp-block-buttons-is-layout-flex\">\n<div class=\"wp-block-button is-style-outline is-style-outline--1\"><a class=\"wp-block-button__link has-text-color\" href=\"http:\/\/www.rotuleseffrenees.com\/wp-content\/uploads\/2021\/10\/Musee-des-Monstres-Sacres-du-Rock.pdf\" style=\"color:#eb1a07\" target=\"_blank\" rel=\"noreferrer noopener\">Dossier complet<\/a><\/div>\n\n\n\n<div class=\"wp-block-button is-style-fill\"><a class=\"wp-block-button__link\" href=\"http:\/\/www.rotuleseffrenees.com\/wp-content\/uploads\/2021\/10\/Fiche-technique-Musee-Rock.pdf\" target=\"_blank\" rel=\"noreferrer noopener\"><span style=\"color:#f20f03\" class=\"tadv-color\">Fiche Technique<\/span><\/a><\/div>\n<\/div>\n\n\n\n<h2 class=\"has-text-color wp-block-heading\" style=\"color:#f50404\"><strong>COMMENT CA MARCHE ?<\/strong><\/h2>\n\n\n\n<p>5 visites &#8211; spectacles guid\u00e9es par jour, orchestr\u00e9es par Rock &amp; billy<\/p>\n\n\n\n<p>Au choix :<\/p>\n<ul>\n<li>Spectacle <span style=\"color: #ff0000;\"><strong>sous tente<\/strong><\/span>, autonome et tout terrain, au design des pochettes des plus grands vinyls.<\/li>\n<li>Ou bien le Mus\u00e9e peut <span style=\"color: #ff0000;\"><strong>investir les murs d&rsquo;un th\u00e9\u00e2tre<\/strong><\/span> (locaux techniques, loges, etc) en visite d\u00e9ambulatoire.<\/li>\n<\/ul>\n\n\n\n<h2 class=\"has-text-color wp-block-heading\" style=\"color:#f50404\"><strong>CREDITS<\/strong><\/h2>\n\n\n\n<p>Un <strong>projet<\/strong> de Yoann Pencol\u00e9 et Guillaume Alexandre<\/p>\n\n\n\n<p><strong>Marionnettes<\/strong> et <strong>illustrations<\/strong> de Antoninn Lebrun<\/p>\n\n\n\n<p><strong>Regard<\/strong> ext\u00e9rieur de Juleitte Belliard<\/p>\n\n\n\n<p><strong>Avec<\/strong> (en altrenance) : Yoann Pencol\u00e9, Guillaume Alexandre, Aur\u00e9lien Van Trimont, Mathilde Bernadac<\/p>\n\n\n\n<hr class=\"wp-block-separator has-text-color has-background is-style-wide\" style=\"background-color:#e53318;color:#e53318\"\/>\n\n\n\n<h2 class=\"has-text-align-center has-text-color wp-block-heading\" style=\"color:#f50404\"><strong>UNE COPRODUCTION FRANCO &#8211; BELGE<\/strong><\/h2>\n\n\n\n<h2 class=\"has-text-align-center has-text-color wp-block-heading\" style=\"color:#f60404\"><strong>Les Rotules Effr\u00e9n\u00e9es<\/strong> <strong>&amp;<\/strong> <strong>La Poup\u00e9e qui Br\u00fble <\/strong><\/h2>\n\n\n\n<div class=\"wp-block-image\"><figure class=\"alignleft size-large is-resized\"><img loading=\"lazy\" decoding=\"async\" src=\"http:\/\/www.rotuleseffrenees.com\/wp-content\/uploads\/2022\/10\/logo-couleur-postitif-1024x828.jpg\" alt=\"\" class=\"wp-image-797\" width=\"168\" height=\"135\" srcset=\"https:\/\/www.rotuleseffrenees.com\/wp-content\/uploads\/2022\/10\/logo-couleur-postitif-1024x828.jpg 1024w, https:\/\/www.rotuleseffrenees.com\/wp-content\/uploads\/2022\/10\/logo-couleur-postitif-300x243.jpg 300w, https:\/\/www.rotuleseffrenees.com\/wp-content\/uploads\/2022\/10\/logo-couleur-postitif-768x621.jpg 768w, https:\/\/www.rotuleseffrenees.com\/wp-content\/uploads\/2022\/10\/logo-couleur-postitif-1536x1242.jpg 1536w, https:\/\/www.rotuleseffrenees.com\/wp-content\/uploads\/2022\/10\/logo-couleur-postitif-2048x1656.jpg 2048w\" sizes=\"auto, (max-width: 168px) 100vw, 168px\" \/><\/figure><\/div>\n\n\n\n<figure class=\"wp-block-gallery alignright columns-1 is-cropped wp-block-gallery-2 is-layout-flex wp-block-gallery-is-layout-flex\"><ul class=\"blocks-gallery-grid\"><li class=\"blocks-gallery-item\"><figure><img loading=\"lazy\" decoding=\"async\" width=\"760\" height=\"198\" src=\"http:\/\/www.rotuleseffrenees.com\/wp-content\/uploads\/2021\/12\/Capture-decran-2021-12-06-a-16.17.23-1.png\" alt=\"\" data-id=\"739\" data-full-url=\"http:\/\/www.rotuleseffrenees.com\/wp-content\/uploads\/2021\/12\/Capture-decran-2021-12-06-a-16.17.23-1.png\" data-link=\"http:\/\/www.rotuleseffrenees.com\/index.php\/accueil\/le-musee-des-monstres-sacres-du-rock-2\/capture-decran-2021-12-06-a-16-17-23-1\/\" class=\"wp-image-739\" srcset=\"https:\/\/www.rotuleseffrenees.com\/wp-content\/uploads\/2021\/12\/Capture-decran-2021-12-06-a-16.17.23-1.png 760w, https:\/\/www.rotuleseffrenees.com\/wp-content\/uploads\/2021\/12\/Capture-decran-2021-12-06-a-16.17.23-1-300x78.png 300w\" sizes=\"auto, (max-width: 706px) 89vw, (max-width: 767px) 82vw, 740px\" \/><\/figure><\/li><\/ul><\/figure>\n\n\n\n<h2 class=\"has-text-color wp-block-heading\" style=\"color:#f50404\"><strong>MEDLEY<\/strong><\/h2>\n\n\n\n<p>\u00b0 Projet autonome (version sous tente)<\/p>\n\n\n\n<p>\u00b0 Tout public, d\u00e8s 10 ans<\/p>\n\n\n\n<p>\u00b0 Visite &#8211; Spectacle, type entresort, marionnettes et objets<\/p>\n\n\n\n<p>\u00b0 Jauge par visite : 25 spectateurs<\/p>\n\n\n\n<p>\u00b0 5 visites guid\u00e9es par jour<\/p>\n\n\n\n<p>\u00b0 Dur\u00e9e d&rsquo;une visite guid\u00e9e : 30 min<\/p>\n\n\n\n<p>\u00b0 Contact diffusion, production, organisation, feuille de routes, b\u00e9n\u00e9volats, tourneurs : <a rel=\"noreferrer noopener\" href=\"mailto:guillaumealexandre.ga@gmail.com\" target=\"_blank\">MOI<\/a><\/p>\n\n\n\n<hr class=\"wp-block-separator has-text-color has-background is-style-wide\" style=\"background-color:#e53318;color:#e53318\"\/>\n\n\n\n<p><\/p>\n\n\n\n<p><\/p>\n\n\n\n<div class=\"wp-block-buttons aligncenter is-layout-flex wp-block-buttons-is-layout-flex\">\n<div class=\"wp-block-button is-style-outline is-style-outline--3\"><a class=\"wp-block-button__link has-text-color\" href=\"http:\/\/www.rotuleseffrenees.com\/wp-content\/uploads\/2021\/02\/dossier-de-presse.pdf\" style=\"color:#eb1a07\" target=\"_blank\" rel=\"noreferrer noopener\">Dossier de presse<\/a><\/div>\n\n\n\n<div class=\"wp-block-button is-style-fill\"><a class=\"wp-block-button__link has-text-color\" href=\"http:\/\/www.rotuleseffrenees.com\/index.php\/portofolio-musee-du-rock\/\" style=\"color:#eb1a07\" target=\"_blank\" rel=\"noreferrer noopener\">Portofolio<\/a><\/div>\n<\/div>\n\n\n\n<hr class=\"wp-block-separator has-text-color has-background is-style-wide\" style=\"background-color:#e53318;color:#e53318\"\/>\n\n\n\n<p><em>Ce projet b\u00e9n\u00e9ficie des tourn\u00e9es Art et Vie, et a re\u00e7u l&rsquo;aide \u00e0 la diffusion et aux d\u00e9placements de WBI &#8211; WBTD<\/em><\/p>\n<p>Sp\u00e9cial d\u00e9dicace aux Zerkiens (Be), le Projet D (Fr), le CAR (Be), La Roseraie (Be), la Compagnie Zusvex (Fr) et tous ceux qui nous ont permis de porter la bonne parole du Rock&rsquo;N Roll !!! Yeah baby<\/p>\n\n\n\n<hr class=\"wp-block-separator has-text-color has-background is-style-wide\" style=\"background-color:#e53318;color:#e53318\"\/>\n\n\n\n<p><span style=\"color:#ff0a0e\" class=\"tadv-color\"><strong>BONUS<\/strong><\/span>&#8230; pour toi qui a lu courageusement tout notre blabla<\/p>\n\n\n\n<p>\u00b0 Une<strong> vid\u00e9o<\/strong> d&rsquo;une visite &#8211; spectacle<\/p>\n\n\n\n<figure class=\"wp-block-video\"><video height=\"1080\" style=\"aspect-ratio: 1920 \/ 1080;\" width=\"1920\" controls src=\"http:\/\/www.rotuleseffrenees.com\/wp-content\/uploads\/2021\/12\/Extraits.mp4\"><\/video><\/figure>\n\n\n\n<p>\u00b0 des <strong>podcasts<\/strong> du Mus\u00e9e (attention archives !!!)<\/p>\n\n\n\n<p><strong>blind test<\/strong> (on fredonne, et toi tu trouves&#8230; )<\/p>\n\n\n\n<figure class=\"wp-block-audio\"><audio controls src=\"http:\/\/www.rotuleseffrenees.com\/wp-content\/uploads\/2021\/12\/Blind-test.mp3\"><\/audio><\/figure>\n\n\n\n<p><strong>Question pour un rockeur<\/strong> &#8211; le Jeu<\/p>\n\n\n\n<figure class=\"wp-block-audio\"><audio controls src=\"http:\/\/www.rotuleseffrenees.com\/wp-content\/uploads\/2021\/12\/Questions-pour-1-rockeur.mp3\"><\/audio><\/figure>\n\n\n\n<p><strong>Archive<\/strong> &#8211; dans les backstage avec Johnny Halliday<\/p>\n\n\n\n<figure class=\"wp-block-audio\"><audio controls src=\"http:\/\/www.rotuleseffrenees.com\/wp-content\/uploads\/2021\/12\/Johnny-backstage.mp3\"><\/audio><\/figure>\n\n\n\n<p><strong>Journal TV <\/strong>&#8211; Elvis \u00e0 Granville<\/p>\n\n\n\n<figure class=\"wp-block-audio\"><audio controls src=\"http:\/\/www.rotuleseffrenees.com\/wp-content\/uploads\/2021\/12\/Elvis.mp3\"><\/audio><\/figure>\n","protected":false},"excerpt":{"rendered":"<p>Visite &#8211; spectacle par 2 collectionneurs Marionnettes, Objets et Rock&rsquo;N Roll Deux fr\u00e8res d\u00e9jant\u00e9s, Rock et Billy, traversent l&rsquo;Histoire du Rock, et font revivre des anecdotes historiques devenues l\u00e9gendes. Entour\u00e9s d\u2019objets farfelus et de marionnettes \u00e0 l\u2019effigie des plus grand\u00b7e\u00b7s rockeurs\u00b7euses mort\u00b7e\u00b7s, le public familial d\u00e9couvre ou red\u00e9couvre les mythes fondateurs du rock de fa\u00e7on &hellip; <\/p>\n<p class=\"link-more\"><a href=\"https:\/\/www.rotuleseffrenees.com\/index.php\/accueil\/le-musee-des-monstres-sacres-du-rock-2\/\" class=\"more-link\">Continuer la lecture<span class=\"screen-reader-text\"> de &laquo;&nbsp;Le Mus\u00e9e des Monstres Sacr\u00e9s du Rock&nbsp;&raquo;<\/span><\/a><\/p>\n","protected":false},"author":1,"featured_media":698,"parent":52,"menu_order":0,"comment_status":"closed","ping_status":"closed","template":"","meta":{"footnotes":""},"class_list":["post-363","page","type-page","status-publish","has-post-thumbnail","hentry"],"_links":{"self":[{"href":"https:\/\/www.rotuleseffrenees.com\/index.php\/wp-json\/wp\/v2\/pages\/363","targetHints":{"allow":["GET"]}}],"collection":[{"href":"https:\/\/www.rotuleseffrenees.com\/index.php\/wp-json\/wp\/v2\/pages"}],"about":[{"href":"https:\/\/www.rotuleseffrenees.com\/index.php\/wp-json\/wp\/v2\/types\/page"}],"author":[{"embeddable":true,"href":"https:\/\/www.rotuleseffrenees.com\/index.php\/wp-json\/wp\/v2\/users\/1"}],"replies":[{"embeddable":true,"href":"https:\/\/www.rotuleseffrenees.com\/index.php\/wp-json\/wp\/v2\/comments?post=363"}],"version-history":[{"count":122,"href":"https:\/\/www.rotuleseffrenees.com\/index.php\/wp-json\/wp\/v2\/pages\/363\/revisions"}],"predecessor-version":[{"id":798,"href":"https:\/\/www.rotuleseffrenees.com\/index.php\/wp-json\/wp\/v2\/pages\/363\/revisions\/798"}],"up":[{"embeddable":true,"href":"https:\/\/www.rotuleseffrenees.com\/index.php\/wp-json\/wp\/v2\/pages\/52"}],"wp:featuredmedia":[{"embeddable":true,"href":"https:\/\/www.rotuleseffrenees.com\/index.php\/wp-json\/wp\/v2\/media\/698"}],"wp:attachment":[{"href":"https:\/\/www.rotuleseffrenees.com\/index.php\/wp-json\/wp\/v2\/media?parent=363"}],"curies":[{"name":"wp","href":"https:\/\/api.w.org\/{rel}","templated":true}]}}

Le Musée des Monstres Sacrés du Rock

<p style="font-size:25px"><strong><span style="color:#f50707" class="tadv-color">Visite &#8211; spectacle par 2 collectionneurs</span></strong></p>



<p class="has-text-align-right has-white-color has-text-color"><span style="color:#ffffff" class="tadv-color">Marionnettes, Objets et Rock&rsquo;N Roll</span></p>



<p class="has-white-color has-text-color"><span style="color:#ffffff" class="tadv-color">Deux frères déjantés, Rock et Billy, traversent <strong>l&rsquo;Histoire du Rock</strong>, et font revivre des <strong>anecdotes</strong> historiques devenues légendes.</span></p>



<p class="has-white-color has-text-color"><span style="color:#ffffff" class="tadv-color">Entourés <strong>d’objets</strong> farfelus et de <strong>marionnettes</strong> à l’effigie des plus grand·e·s rockeurs·euses mort·e·s, le public familial découvre ou redécouvre les <strong>mythes fondateurs</strong> du rock de façon décalée.</span></p>



<p class="has-white-color has-text-color"><span style="color:#ffffff" class="tadv-color">Une visite-spectacle inoubliable, type entresort, en <strong>interaction</strong> avec le pblic.</span></p>



<p class="has-text-align-right"><em><span style="color:#f41c08" class="tadv-color">« Bienvenue mesdames et messieurs au premier musée mobile du Rock. Tous les objets qui sont ici sont authentiques. »</span></em></p>



<p class="has-text-align-right">(introduction by Rock et Billy)</p>



<figure class="wp-block-embed-vimeo wp-block-embed is-type-video is-provider-vimeo wp-embed-aspect-16-9 wp-has-aspect-ratio"><div class="wp-block-embed__wrapper">
<iframe loading="lazy" title="Teaser &quot;Le Musée Des Monstres Sacrés Du Rock&quot;" src="https://player.vimeo.com/video/384396779?dnt=1&amp;app_id=122963" width="525" height="295" frameborder="0" allow="autoplay; fullscreen; picture-in-picture; clipboard-write; encrypted-media; web-share" referrerpolicy="strict-origin-when-cross-origin"></iframe>
</div></figure>



<div class="wp-block-buttons aligncenter is-layout-flex wp-block-buttons-is-layout-flex">
<div class="wp-block-button is-style-outline is-style-outline--1"><a class="wp-block-button__link has-text-color" href="http://www.rotuleseffrenees.com/wp-content/uploads/2021/10/Musee-des-Monstres-Sacres-du-Rock.pdf" style="color:#eb1a07" target="_blank" rel="noreferrer noopener">Dossier complet</a></div>



<div class="wp-block-button is-style-fill"><a class="wp-block-button__link" href="http://www.rotuleseffrenees.com/wp-content/uploads/2021/10/Fiche-technique-Musee-Rock.pdf" target="_blank" rel="noreferrer noopener"><span style="color:#f20f03" class="tadv-color">Fiche Technique</span></a></div>
</div>



<h2 class="has-text-color wp-block-heading" style="color:#f50404"><strong>COMMENT CA MARCHE ?</strong></h2>



<p>5 visites &#8211; spectacles guidées par jour, orchestrées par Rock &amp; billy</p>



<p>Au choix :</p>
<ul>
<li>Spectacle <span style="color: #ff0000;"><strong>sous tente</strong></span>, autonome et tout terrain, au design des pochettes des plus grands vinyls.</li>
<li>Ou bien le Musée peut <span style="color: #ff0000;"><strong>investir les murs d&rsquo;un théâtre</strong></span> (locaux techniques, loges, etc) en visite déambulatoire.</li>
</ul>



<h2 class="has-text-color wp-block-heading" style="color:#f50404"><strong>CREDITS</strong></h2>



<p>Un <strong>projet</strong> de Yoann Pencolé et Guillaume Alexandre</p>



<p><strong>Marionnettes</strong> et <strong>illustrations</strong> de Antoninn Lebrun</p>



<p><strong>Regard</strong> extérieur de Juleitte Belliard</p>



<p><strong>Avec</strong> (en altrenance) : Yoann Pencolé, Guillaume Alexandre, Aurélien Van Trimont, Mathilde Bernadac</p>



<hr class="wp-block-separator has-text-color has-background is-style-wide" style="background-color:#e53318;color:#e53318"/>



<h2 class="has-text-align-center has-text-color wp-block-heading" style="color:#f50404"><strong>UNE COPRODUCTION FRANCO &#8211; BELGE</strong></h2>



<h2 class="has-text-align-center has-text-color wp-block-heading" style="color:#f60404"><strong>Les Rotules Effrénées</strong> <strong>&amp;</strong> <strong>La Poupée qui Brûle </strong></h2>



<div class="wp-block-image"><figure class="alignleft size-large is-resized"><img loading="lazy" decoding="async" src="http://www.rotuleseffrenees.com/wp-content/uploads/2022/10/logo-couleur-postitif-1024x828.jpg" alt="" class="wp-image-797" width="168" height="135" srcset="https://www.rotuleseffrenees.com/wp-content/uploads/2022/10/logo-couleur-postitif-1024x828.jpg 1024w, https://www.rotuleseffrenees.com/wp-content/uploads/2022/10/logo-couleur-postitif-300x243.jpg 300w, https://www.rotuleseffrenees.com/wp-content/uploads/2022/10/logo-couleur-postitif-768x621.jpg 768w, https://www.rotuleseffrenees.com/wp-content/uploads/2022/10/logo-couleur-postitif-1536x1242.jpg 1536w, https://www.rotuleseffrenees.com/wp-content/uploads/2022/10/logo-couleur-postitif-2048x1656.jpg 2048w" sizes="auto, (max-width: 168px) 100vw, 168px" /></figure></div>



<figure class="wp-block-gallery alignright columns-1 is-cropped wp-block-gallery-2 is-layout-flex wp-block-gallery-is-layout-flex"><ul class="blocks-gallery-grid"><li class="blocks-gallery-item"><figure><img loading="lazy" decoding="async" width="760" height="198" src="http://www.rotuleseffrenees.com/wp-content/uploads/2021/12/Capture-decran-2021-12-06-a-16.17.23-1.png" alt="" data-id="739" data-full-url="http://www.rotuleseffrenees.com/wp-content/uploads/2021/12/Capture-decran-2021-12-06-a-16.17.23-1.png" data-link="http://www.rotuleseffrenees.com/index.php/accueil/le-musee-des-monstres-sacres-du-rock-2/capture-decran-2021-12-06-a-16-17-23-1/" class="wp-image-739" srcset="https://www.rotuleseffrenees.com/wp-content/uploads/2021/12/Capture-decran-2021-12-06-a-16.17.23-1.png 760w, https://www.rotuleseffrenees.com/wp-content/uploads/2021/12/Capture-decran-2021-12-06-a-16.17.23-1-300x78.png 300w" sizes="auto, (max-width: 706px) 89vw, (max-width: 767px) 82vw, 740px" /></figure></li></ul></figure>



<h2 class="has-text-color wp-block-heading" style="color:#f50404"><strong>MEDLEY</strong></h2>



<p>° Projet autonome (version sous tente)</p>



<p>° Tout public, dès 10 ans</p>



<p>° Visite &#8211; Spectacle, type entresort, marionnettes et objets</p>



<p>° Jauge par visite : 25 spectateurs</p>



<p>° 5 visites guidées par jour</p>



<p>° Durée d&rsquo;une visite guidée : 30 min</p>



<p>° Contact diffusion, production, organisation, feuille de routes, bénévolats, tourneurs : <a rel="noreferrer noopener" href="mailto:guillaumealexandre.ga@gmail.com" target="_blank">MOI</a></p>



<hr class="wp-block-separator has-text-color has-background is-style-wide" style="background-color:#e53318;color:#e53318"/>



<p></p>



<p></p>



<div class="wp-block-buttons aligncenter is-layout-flex wp-block-buttons-is-layout-flex">
<div class="wp-block-button is-style-outline is-style-outline--3"><a class="wp-block-button__link has-text-color" href="http://www.rotuleseffrenees.com/wp-content/uploads/2021/02/dossier-de-presse.pdf" style="color:#eb1a07" target="_blank" rel="noreferrer noopener">Dossier de presse</a></div>



<div class="wp-block-button is-style-fill"><a class="wp-block-button__link has-text-color" href="http://www.rotuleseffrenees.com/index.php/portofolio-musee-du-rock/" style="color:#eb1a07" target="_blank" rel="noreferrer noopener">Portofolio</a></div>
</div>



<hr class="wp-block-separator has-text-color has-background is-style-wide" style="background-color:#e53318;color:#e53318"/>



<p><em>Ce projet bénéficie des tournées Art et Vie, et a reçu l&rsquo;aide à la diffusion et aux déplacements de WBI &#8211; WBTD</em></p>
<p>Spécial dédicace aux Zerkiens (Be), le Projet D (Fr), le CAR (Be), La Roseraie (Be), la Compagnie Zusvex (Fr) et tous ceux qui nous ont permis de porter la bonne parole du Rock&rsquo;N Roll !!! Yeah baby</p>



<hr class="wp-block-separator has-text-color has-background is-style-wide" style="background-color:#e53318;color:#e53318"/>



<p><span style="color:#ff0a0e" class="tadv-color"><strong>BONUS</strong></span>&#8230; pour toi qui a lu courageusement tout notre blabla</p>



<p>° Une<strong> vidéo</strong> d&rsquo;une visite &#8211; spectacle</p>



<figure class="wp-block-video"><video height="1080" style="aspect-ratio: 1920 / 1080;" width="1920" controls src="http://www.rotuleseffrenees.com/wp-content/uploads/2021/12/Extraits.mp4"></video></figure>



<p>° des <strong>podcasts</strong> du Musée (attention archives !!!)</p>



<p><strong>blind test</strong> (on fredonne, et toi tu trouves&#8230; )</p>



<figure class="wp-block-audio"><audio controls src="http://www.rotuleseffrenees.com/wp-content/uploads/2021/12/Blind-test.mp3"></audio></figure>



<p><strong>Question pour un rockeur</strong> &#8211; le Jeu</p>



<figure class="wp-block-audio"><audio controls src="http://www.rotuleseffrenees.com/wp-content/uploads/2021/12/Questions-pour-1-rockeur.mp3"></audio></figure>



<p><strong>Archive</strong> &#8211; dans les backstage avec Johnny Halliday</p>



<figure class="wp-block-audio"><audio controls src="http://www.rotuleseffrenees.com/wp-content/uploads/2021/12/Johnny-backstage.mp3"></audio></figure>



<p><strong>Journal TV </strong>&#8211; Elvis à Granville</p>



<figure class="wp-block-audio"><audio controls src="http://www.rotuleseffrenees.com/wp-content/uploads/2021/12/Elvis.mp3"></audio></figure>

<p>Visite &#8211; spectacle par 2 collectionneurs Marionnettes, Objets et Rock&rsquo;N Roll Deux frères déjantés, Rock et Billy, traversent l&rsquo;Histoire du Rock, et font revivre des anecdotes historiques devenues légendes. Entourés d’objets farfelus et de marionnettes à l’effigie des plus grand·e·s rockeurs·euses mort·e·s, le public familial découvre ou redécouvre les mythes fondateurs du rock de façon &hellip; </p>
<p class="link-more"><a href="https://www.rotuleseffrenees.com/index.php/accueil/le-musee-des-monstres-sacres-du-rock-2/" class="more-link">Continuer la lecture<span class="screen-reader-text"> de &laquo;&nbsp;Le Musée des Monstres Sacrés du Rock&nbsp;&raquo;</span></a></p>
